common factor of 324164 and 5648?
4
What is the greatest common divisor of 2890 and 446848910?
2890
What is the greatest common factor of 796932 and 9288?
108
What is the greatest common divisor of 15639450 and 5248?
82
What is the highest common divisor of 9212550 and 1500?
150
What is the highest common factor of 5268396 and 336?
84
What is the highest common divisor of 3182091 and 64988?
2321
Calculate the highest common factor of 4 and 23522484.
4
Calculate the greatest common divisor of 48 and 7604416.
16
What is the highest common divisor of 138664063 and 4616?
577
Calculate the greatest common divisor of 8 and 7136708.
4
What is the greatest common factor of 5907 and 63466777?
1969
Calculate the greatest common factor of 7875 and 7463250.
1125
Calculate the highest common factor of 157080 and 277134.
1122
What is the greatest common divisor of 216 and 979038?
18
Calculate the highest common divisor of 1652 and 44911154.
118
What is the greatest common factor of 7463489 and 660?
11
What is the greatest common divisor of 102966705 and 510?
255
What is the highest common factor of 539 and 111196316?
77
Calculate the greatest common divisor of 45596606 and 44.
22
Calculate the greatest common factor of 585176 and 982368.
3032
What is the greatest common divisor of 529 and 2241810?
23
What is the highest common factor of 2178098 and 9178?
26
Calculate the highest common factor of 41110 and 80910.
10
What is the greatest common factor of 24820911 and 81?
81
What is the highest common divisor of 129 and 39764078?
43
Calculate the greatest common divisor of 5002940 and 130.
10
What is the highest common factor of 130048204 and 13013?
1859
Calculate the highest common divisor of 22678 and 985826.
1334
What is the highest common divisor of 23693215 and 25?
5
Calculate the highest common factor of 670 and 912320.
10
What is the highest common factor of 5 and 21015935?
5
Calculate the highest common factor of 937939 and 877388.
401
What is the highest common divisor of 250 and 14978725?
25
What is the greatest common divisor of 405 and 96971205?
15
Calculate the highest common factor of 24 and 6319290.
6
What is the greatest common factor of 18006519 and 1683?
51
Calculate the greatest common divisor of 839608 and 3828.
1276
What is the highest common factor of 29619 and 3007974?
3291
What is the highest common divisor of 18337 and 980507?
11
What is the greatest common factor of 4060 and 2381660?
20
What is the greatest common divisor of 3110819 and 3565?
713
Calculate the greatest common divisor of 4466 and 2136372.
406
What is the greatest common divisor of 114 and 563008?
38
Calculate the greatest common divisor of 1435798 and 18538.
598
Calculate the highest common factor of 918837 and 24003.
27
Calculate the greatest common factor of 131296 and 527840.
32
Calculate the greatest common factor of 48082 and 3067300.
1658
What is the greatest common factor of 213792 and 140896?
544
Calculate the greatest common factor of 854 and 8633513.
427
What is the highest common divisor of 7843 and 589651?
713
Calculate the highest common factor of 12031 and 11819.
53
What is the highest common divisor of 6642812 and 20812?
1892
Calculate the highest common divisor of 1312941 and 263577.
309
What is the greatest common divisor of 93176 and 931000?
152
Calculate the highest common factor of 38708244 and 4104.
684
Calculate the greatest common factor of 812 and 114400650.
406
Calculate the greatest common factor of 51 and 28991188.
17
What is the greatest common factor of 13362 and 275362?
262
Calculate the highest common divisor of 12601440 and 2205.
45
Calculate the greatest common factor of 784326 and 86802.
222
What is the highest common factor of 3480 and 5396088?
696
What is the highest common factor of 31349531 and 19769?
373
What is the greatest common divisor of 210 and 169078110?
30
What is the greatest common factor of 35514620 and 220?
20
What is the highest common factor of 3862 and 1279884179?
1931
Calculate the highest common factor of 64670235 and 105.
105
Calculate the greatest common divisor of 40 and 653319400.
40
Calculate the greatest common divisor of 615292 and 3505946.
3046
Calculate the highest common factor of 81149 and 69711262.
4271
What is the greatest common factor of 1550292 and 124?
4
What is the greatest common divisor of 105782894 and 6902?
406
Calculate the greatest common factor of 28644689 and 316.
79
Calculate the greatest common factor of 8855 and 17056340.
805
What is the highest common divisor of 564 and 360924?
12
What is the greatest common factor of 21281128 and 957?
319
Calculate the greatest common divisor of 4380 and 376768695.
1095
Calculate the greatest common divisor of 27 and 3064509.
9
Calculate the greatest common factor of 688476 and 192.
12
What is the highest common factor of 4173120 and 152685?
405
What is the greatest common factor of 548 and 739647108?
548
What is the greatest common divisor of 13764 and 59278107?
3441
What is the highest common divisor of 237992 and 216?
8
Calculate the highest common divisor of 246310 and 5860.
10
Calculate the highest common factor of 150 and 17026170.
30
Calculate the greatest common divisor of 1848 and 3525060.
924
Calculate the greatest common factor of 49662729 and 51.
51
What is the greatest common divisor of 155091 and 46801?
17
What is the greatest common divisor of 3233 and 838778?
53
What is the greatest common factor of 94518 and 1188?
18
What is the highest common divisor of 81330453 and 248?
31
Calculate the greatest common divisor of 18157 and 2018679.
271
Calculate the highest common divisor of 21 and 5500789.
7
What is the greatest common factor of 213 and 1478946?
3
Calculate the greatest common factor of 14101062 and 28608.
894
Calculate the highest common factor of 225 and 13038950.
25
What is the highest common factor of 5382820 and 60?
20
What is the highest common divisor of 8 and 18250122?
2
What is the greatest common factor of 44174280 and 12360?
120
Calculate the highest common factor of 468 and 962000.
52
Calculate the highest common divisor of 139514 and 1082558.
1766
Calculate the greatest common factor of 362701831 and 206.
103
Calculate the greatest common factor of 1463 and 46398779.
133
Calculate the highest common divisor of 80453502 and 29358.
4194
What is the highest common divisor of 8639310 and 32?
2
What is the highest common factor of 9152 and 4122800?
176
What is the highest common divisor of 175879506 and 18?
6
What is the greatest common factor of 54018602 and 11?
11
What is the greatest common divisor of 466 and 38330597?
233
What is the greatest common divisor of 65 and 214211621?
13
Calculate the highest common divisor of 1708038150 and 70.
70
What is the highest common factor of 56 and 5006008?
56
Calculate the highest common divisor of 1091 and 24310753.
1091
What is the highest common factor of 1035736 and 3179952?
3464
Calculate the greatest common factor of 310530896 and 208.
208
Calculate the highest common factor of 4583565 and 525.
105
What is the highest common factor of 41850 and 11932650?
1350
Calculate the highest common factor of 888633 and 81.
9
Calculate the greatest common factor of 42516 and 16416.
36
What is the greatest common factor of 579812101 and 11?
11
What is the highest common factor of 11054983 and 69645?
4643
What is the highest common divisor of 30286842 and 30?
6
Calculate the highest common factor of 34935 and 743362.
137
What is the greatest common divisor of 200 and 1622125?
25
Calculate the highest common divisor of 713 and 1210697.
23
What is the greatest common factor of 11205100 and 1165900?
8900
What is the greatest common divisor of 10 and 50613670?
10
What is the greatest common divisor of 8566536 and 17908?
1628
Calculate the greatest common factor of 4841 and 10468545.
47
What is the greatest common divisor of 33783183 and 1071?
63
What is the highest common divisor of 41233 and 457?
1
What is the greatest common factor of 423040 and 190?
10
What is the highest common divisor of 315 and 5117103?
9
Calculate the highest common divisor of 1083084520 and 1400.
280
What is the highest common divisor of 42656460 and 9130?
110
What is the greatest common divisor of 288019602 and 1